176. Calculate the highest common divisor of q and j.
22
Suppose -8*w - 4*v = -7*w - 24, 4*w + 5*v - 74 = 0. Suppose -w*g + 3*g = -7657. What is the greatest common factor of 19 and g?
19
Let k = 321 - 977. Let j = k + 692. What is the highest common factor of 18 and j?
18
Let q = 153 + -76. Let o = 61 - q. Let w = o + 40. Calculate the greatest common factor of w and 12.
12
Let b = 13387 + -12971. What is the highest common factor of 4264 and b?
104
Suppose -5*f + 13 = 2*q + 1, 3*q + 3 = 3*f. Suppose f*m + 54 = 5*m. Suppose -45*u = -3340 - 3950. What is the greatest common divisor of m and u?
18
Suppose 16 = -18*x - 74. Let t be (76 - -2) + x + -3. What is the greatest common divisor of t and 80?
10
Let j(t) = 2*t**2 + 17*t + 28. Let w be j(-2). Suppose 9*i - 44 = -w*k + 4*i, 2*k = 4*i + 44. Calculate the greatest common divisor of k and 66.
22
Let j(y) = -y + 115. Let x be j(31). Suppose 5*m + 8 = 4*m. Let w be m*(-4)/(-8) + 16. What is the greatest common factor of x and w?
12
Suppose 0 = 8*j + 9808 - 9864. What is the greatest common divisor of 2723 and j?
7
Suppose 14*x = 18*x - 5*a - 81, a = 5*x - 96. Suppose 0 = z - 5*n - x, 5*z - 21*n - 65 = -26*n. Calculate the greatest common factor of 21 and z.
7
Let h be (21*10)/((-4 - -9) + -4). Suppose -28*b + 60*b = 2016. Calculate the highest common divisor of h and b.
21
Let m = 237 - 272. Let u be (-12095)/m - (-56)/(-98). Calculate the highest common divisor of 15 and u.
15
Let p(h) = -309*h - 1. Let w be p(-1). Let r(f) = -f**2 - 432*f - 24521. Let o be r(-68). What is the greatest common divisor of w and o?
77
Let v be (-782)/(-8) + (-2)/(-8). Let l = 99 + v. Let y = l - 140. What is the greatest common divisor of y and 19?
19
Suppose -6669 = -115*x + 102*x. Let u = x + -369. What is the greatest common factor of u and 48?
48
Let p = -25 - -30. Suppose 0 = -p*a - 11 + 26. Suppose 2*x + a*t = 47, -4*x - 3*t + 2*t = -109. What is the greatest common divisor of x and 308?
28
Let c = -23 + 27. Suppose 4*v - 20 = 0, 3*j + 2*v = v + 101. Let b be (-2)/6 - j/(-24). What is the greatest common divisor of b and c?
1
Suppose -5*y + 2*t + 104 = -490, -5*y + 3*t + 591 = 0. Suppose 0 = 14*z - 45*k + 47*k - 416, -2*z + 52 = 4*k. What is the greatest common divisor of y and z?
30
Suppose -37*i + 16*i = -63. Suppose 2*w - 1881 = -3*c + 4*w, 638 = c + i*w. Calculate the highest common factor of 17 and c.
17
Let r(u) = u**2 - 14. Let m(l) = -l**2 - 13*l - 50. Let k be m(-7). Let z be r(k). Calculate the greatest common factor of z and 2.
2
Let y be (-76)/(-8)*42 - -3. Suppose 198 = k - 4*i, y = 4*k - 2*i - 432. What is the highest common divisor of 90 and k?
30
Let m(v) = 16*v + 22. Let i be m(3). Let s = -47 + i. Suppose 3*o - 5*n = s, 3*o - 2*n + 0 - 11 = 0. Calculate the highest common factor of 10 and o.
1
Suppose -253 = -4*f - 225. Let d(x) = -2*x**2 - 25*x - 8. Let o be d(-12). What is the greatest common factor of o and f?
1
Suppose 0 = 4*x + 4*a, -3 - 13 = x + 5*a. Suppose -5*u - 2*z = -x*z - 947, -2*u + 3*z + 381 = 0. Calculate the greatest common divisor of 9 and u.
9
Let n be 2/1 - (1 + 37)/(-2). Let k(g) = g**3 - 22*g**2 + 22*g - 11. Let q be k(n). Suppose 2*z = q*z - 48. What is the greatest common factor of z and 15?
3
Let k(q) = -q**3 + 7*q**2 - 2*q - 34. Let n be k(8). Let h = n + 697. Calculate the greatest common factor of 106 and h.
53
Let o(z) = -z - 4*z - z + 5*z. Let b(m) = 4*m + 2. Let i(q) = -b(q) + 4*o(q). Let j be i(-3). What is the highest common factor of 2 and j?
2
Let l(k) = -60*k - 259. Let m be l(-6). Suppose -5*q + 29 + m = -3*y, -4*q = -5*y - 117. What is the greatest common divisor of 1357 and q?
23
Suppose 15 = -5*t, 2*w = 3*t + 131 - 4. Suppose 4*h - 4*n - 236 = 0, 2*n = n. Calculate the greatest common divisor of h and w.
59
Suppose 2*o - 3 = t, 4*t - 4*o - 1 + 29 = 0. Let h(u) = 2*u**2 + 7*u - 3. Let w be h(t). What is the highest common divisor of 36 and w?
18
Let w(y) = 2*y**2 - 39*y + 53. Let m be w(17). Let c be 68*(4 + 88/m). What is the highest common factor of c and 1105?
85
Suppose 114 = -13*d + 32*d. Suppose -3*f - 2*t = -d*f + 2769, -4*f + t + 3697 = 0. Calculate the highest common divisor of f and 74.
37
Let b = -2677 + 3825. Suppose 137 - 25 = 4*s. What is the highest common factor of s and b?
28
Suppose 2*r - 13 + 3 = 0. Suppose 0 = r*i - 2*i + 15. Let v be (535/15 + i)*3/2. Calculate the highest common factor of 230 and v.
46
Suppose -11*m - 29*m + 19497 = 27*m. What is the greatest common divisor of m and 9?
3
Let g(x) = 4*x**2 + 2*x. Let i be 1*-1 + (-288)/9. Let v = i - -35. Let q be g(v). Calculate the highest common divisor of q and 200.
20
Let z(s) = 2*s**2 + s + 4. Let t be z(-6). Let a be (-186)/7*(-39 + 32). Let h = 214 - a. What is the highest common factor of h and t?
14
Suppose -3368 + 7567 = 17*z. Calculate the greatest common divisor of z and 684.
19
Let o = 2287 - 2231. Calculate the greatest common factor of 640 and o.
8
Let w be (140/(-6))/5*(-36)/84. Calculate the greatest common divisor of 9292 and w.
2
Let b be (500/(-30))/((-1)/36). Suppose -19*q + 4*q = -b. What is the greatest common divisor of 280 and q?
40
Suppose -181*r + 23020 = -9922. Calculate the highest common divisor of 14 and r.
14
Suppose 162 = -99*a + 102*a. Suppose 5*p - 8 - 2 = -4*r, -5*p = r + 5. Let c be ((-9)/p)/((-1)/(-36)). Calculate the greatest common divisor of c and a.
54
Suppose -5*s + 2*u = -11, u = 2*s + 3 - 8. Let x(a) = 5*a**2 - a + 29 + 32 - 103 + 43. Let z be x(s). Calculate the greatest common factor of 35 and z.
5
Suppose l + 0*l - 2*f - 6 = 0, 3*l + f - 32 = 0. Suppose 0 = l*m - 22 - 248. Calculate the greatest common factor of m and 513.
27
Let f be (-1 - (-120)/16)/((-1)/(-2)). Suppose f*o = 110 + 85. What is the highest common divisor of o and 105?
15
Let m = 4 - 1. Let i be m + 1*(-2)/2. Suppose 0*x = i*x + 2, -o + 5*x = -28. Calculate the greatest common divisor of 23 and o.
23
Let d = 12 + 79. Suppose 3*u + 4*n = 109, n - 76 = -8*u + 6*u. What is the greatest common factor of u and d?
13
Let a be 0 + ((-34)/(-6))/((-10)/(-90)). Calculate the highest common factor of 47940 and a.
51
Suppose 0 = -s + 74 - 344. Let d = 416 + s. Let q = 206 - d. Calculate the greatest common divisor of 36 and q.
12
Let j = -33 + 129. Let z = j + -71. What is the greatest common factor of z and 400?
25
Let v(d) = d**3 + 4*d**2 + 4*d + 1. Let q be v(-3). Let j(m) = -18 - 28*m - 10 - 1 + 16. Let y be j(q). What is the greatest common factor of 43 and y?
43
Suppose 5*a = -64*x + 60*x + 3886, -x = -a - 967. Calculate the highest common factor of 1482 and x.
57
Suppose 4*q + 3*t = -820, -5*q - 4*t - 820 = -q. Let d be (-69003)/q - (-3)/(-5). Calculate the highest common divisor of 21 and d.
21
Let n(g) be the third derivative of 3*g**4/8 - g**3/2 - 3*g**2. Let w be n(4). Let d = 17 - 14. Calculate the greatest common divisor of w and d.
3
Let k = 5534 - 5244. Calculate the greatest common divisor of k and 360.
10
Suppose 0 = 15*f + 52 - 137 - 95. Calculate the greatest common factor of 498 and f.
6
Suppose -2*u = 3*w - 59 - 25, 0 = -4*w + 4*u + 132. Let r be (28 + -8)*12*4/w. What is the greatest common divisor of r and 16?
16
Suppose 930 + 70 = 4*w. Suppose -w = -10*p + 50. Calculate the greatest common divisor of 170 and p.
10
Suppose -29*s - 5*o + 7*o = -134185, o = s - 4628. Calculate the highest common factor of 7 and s.
7
Let z(j) = -31*j - 21. Let w be z(-6). Suppose -3*f = f + 3*c - 267, -129 = -2*f + 3*c. Calculate the greatest common divisor of f and w.
33
Suppose -23887 = -4*x + 5*f, -5*x + 22608 = 3*f - 7186. What is the greatest common factor of 335 and x?
67
Let z(c) = c**2 - 8*c - 28. Let y be z(-5). Let h be ((-648)/15)/(8/(-40)). Suppose 3*o - h = 6. What is the greatest common factor of o and y?
37
Let q(h) = -6*h + 801. Let a be q(131). Suppose f = 0, -3*f - 690 = -2*k - 0*f. Calculate the greatest common divisor of a and k.
15
Suppose -28 = -8*w + 6*w. Suppose -3*g - 3*j = 6, 2*j + w = g + 7*j. Let u be -28*(-2)/g*(-27)/6. What is the highest common divisor of u and 28?
14
Let u(q) = -q**3 + 13*q**2 - 15*q - 9. Let n be u(11). Suppose -65*f + 3 = -n*f. Let o be (12 + f)*(-4)/(-4). Calculate the greatest common divisor of o and 99.
11
Let m = -3 +